 divisor of v and d?
30
Suppose 13*c - 8*c - 4*m = 25, 0 = -c - 4*m + 5. Let a = 81 + -56. Calculate the highest common divisor of a and c.
5
Suppose 2*q - 815 = 5*v, 4*q - 695 = 4*v - 43. Let y = 68 + v. Let w = 143 + y. Calculate the greatest common factor of 12 and w.
12
Let j be ((-5)/(-3))/((-1)/(-3)). Let c = 20 + -18. Suppose -85 - 25 = -c*r. What is the greatest common divisor of r and j?
5
Suppose -819 = -90*d + 81*d. Let p be 494/39 + (-1)/(-3). What is the highest common factor of d and p?
13
Suppose 5*d - 6*d = 0. Suppose d*p + 4*p - 16 = 0. Suppose 4*y - r = 751, 0*r - 358 = -2*y + p*r. Calculate the greatest common divisor of y and 21.
21
Suppose -4*j + 4*n + 12 = 0, 2*n = -2*j + 5 + 1. What is the highest common divisor of j and 39?
3
Suppose -4 = -j - 2. Let l(s) = 6*s. Let v be l(j). What is the highest common divisor of v and 84?
12
Suppose -168 = -2*o + 3*n, 3*o + 0*o + 3*n = 282. What is the highest common factor of 225 and o?
45
Let g(t) = 2*t**2 - 16*t - 25. Let q be g(14). Suppose 15 = -8*x + q. Calculate the greatest common factor of 128 and x.
16
Let c = 29 - 18. Let z(a) = -a + 31. Let d be z(c). What is the greatest common divisor of 5 and d?
5
Suppose -4*o = -2*t + 26, 5*o + 36 - 7 = 2*t. What is the greatest common divisor of 28 and t?
7
Let n = 24 - 19. Suppose -n*c - k + 86 = -3*c, -5*c + 241 = -4*k. What is the greatest common factor of 9 and c?
9
Let s = 242 + -162. Calculate the highest common divisor of 20 and s.
20
Let z(f) = -2*f**2 - f. Let r be z(0). Suppose -3*y - 2*y + 5 = r. What is the highest common factor of y and 9?
1
Suppose -3*u - 4*w + 55 = -4, -10 = -2*w. Let t(d) = 73*d - 3. Let s be t(2). Calculate the highest common divisor of s and u.
13
Let d = -141 - -206. Suppose 3*t - d = -s, 6*t + 2*s = t + 108. Calculate the greatest common factor of t and 33.
11
Let i be (-48)/9*(-357)/28. Calculate the highest common factor of i and 1972.
68
Let p be 2 - -16*(-3 + 4). Let j be (-1)/(0 + 3/(-6)). What is the highest common divisor of p and j?
2
Suppose 3*b - 3 = 36. Suppose -3*f + 15*j = 13*j - 359, -f - j = -113. Calculate the highest common factor of b and f.
13
Suppose -5*b = -8 - 7. Calculate the highest common divisor of 81 and b.
3
Let u = 29 - -1. Let j = u - -21. What is the greatest common factor of j and 102?
51
Let u = 322 + -104. Suppose -5*a - u = -5*i - a, 0 = 2*a + 4. Calculate the highest common factor of i and 28.
14
Let l = -360 + 2056. What is the highest common divisor of l and 64?
32
Suppose -990 = -195*p + 185*p. What is the greatest common factor of 81 and p?
9
Let h be (-2)/3*6 + (-688)/(-4). What is the highest common divisor of 112 and h?
56
Suppose 4*d - 334 = -5*k - 105, 0 = -2*d + 4*k + 134. Calculate the greatest common factor of 2 and d.
1
Let j be 30/5 - 2/2. Suppose 4*o - 1188 = -n - 3131, j*o + n = -2430. Let y = -343 - o. What is the greatest common factor of 16 and y?
16
Suppose z - 69 = -h, -3*z - 163 = -63*h + 61*h. Calculate the highest common factor of h and 2183.
37
Let v = -29 + 31. Let z be v/6 - (-448)/42. What is the greatest common factor of z and 55?
11
Suppose -3*j - 8 = -4*j. Let p(n) = -n**2 + 7*n - 7. Let v be p(5). Suppose v*b - 5*b + 4 = 0. What is the highest common factor of b and j?
2
Let g = -27 - -32. Let a be -890*g/(-10) - 5. Calculate the greatest common divisor of a and 55.
55
Let x(l) be the second derivative of l**5/20 + l**4/2 - l**3/2 - l. Let n be x(-5). Suppose 23*r - 6061 = 4059. What is the highest common divisor of r and n?
40
Let g = -59 + 116. Suppose l + 11 = 5*n, -5*l - 4*n + g = -n. Calculate the greatest common divisor of l and 9.
9
Let j(o) = 4*o + 1. Let t be j(5). Suppose 4*h = h + 3*b + 63, 135 = 5*h + 5*b. Suppose -19*x = -h*x + 35. Calculate the highest common factor of t and x.
7
Let b(j) = -108*j + 36. Let w be b(-2). What is the highest common divisor of w and 28?
28
Suppose -5*l - 2*t = -30, -3*t + 0 = -2*l - 7. Let m be 3/4*l + -1. What is the highest common factor of 6 and m?
2
Let r be (5 + 0)*96/60. Let l = 75 - 69. Calculate the highest common factor of r and l.
2
Let r be (21*62/3)/(5 + -4). Let k be 5/(-40)*4 - r/(-4). What is the greatest common divisor of 36 and k?
36
Let b(x) = -x**3 - 5*x**2 + 7*x + 10. Let h be b(-6). Suppose -4*i + 8 = 0, -i + 23 = -d + h*d. Calculate the highest common divisor of 63 and d.
7
Suppose 65 = 3*f - 34. What is the greatest common factor of f and 44?
11
Let m be (-42)/27*3*(-15)/10. What is the highest common factor of 343 and m?
7
Let d(w) = -14*w + 76. Let v be d(4). What is the greatest common divisor of 12 and v?
4
Suppose -3*y + 220 = -212. Let k(q) = -q**2 - 11*q - 10. Let m be k(-9). Let b be (-7 + -5)/((-6)/m). Calculate the greatest common divisor of b and y.
16
Let j = 33 + -17. What is the greatest common divisor of j and 144?
16
Let i be (-3*(-1)/5)/(1/5). Suppose -2*c + 5*q + 97 = 0, -i*c + 4*q + 44 = -112. Calculate the highest common divisor of 7 and c.
7
Let d = 146 - 1. Let j = -328 - -543. Suppose d = 3*u - 3*l - j, -480 = -4*u - l. What is the highest common divisor of u and 15?
15
Let g(n) = n**2 - 7*n + 12. Let p be g(7). Let b = p + -8. Let k be 1 + b + -2 + 3. Calculate the highest common divisor of k and 30.
6
Let b(h) = 3*h - 1. Let t be b(1). Suppose -t*g - 959 = -3*r, 2*r - g + 0*g - 639 = 0. Calculate the highest common divisor of 29 and r.
29
Let d be 1 + 119/2 + (-113)/226. Let m be (4/(-6))/(1/(-18)). What is the greatest common factor of d and m?
12
Let s be ((-4)/6)/(6/9). Let j be 1 - s/((-2)/(-14)). Suppose -32 = -17*y + 13*y. What is the greatest common factor of j and y?
8
Suppose -x - 19 = -0*j + 2*j, 2*x - 18 = 3*j. Let m(a) = 4*a**2 + 3*a - 2. Let t be m(j). Calculate the greatest common divisor of t and 23.
23
Suppose 66 = r + 18. Suppose 5 = 3*n - 139. Suppose -18 = 5*s - n. Calculate the highest common factor of r and s.
6
Suppose 0 = -3*n + 7*n, v + 2*n = 102. Calculate the highest common factor of v and 34.
34
Suppose -c - 24 = -74. Calculate the highest common divisor of 40 and c.
10
Let r = 609 - 417. Calculate the highest common divisor of r and 672.
96
Suppose u + 3*j = 21, 2*j - 84 = -36*u + 33*u. What is the greatest common divisor of 30 and u?
30
Let y(c) = c**2 - 3*c. Let w be y(6). Let j = 72 - 0. Calculate the highest common divisor of j and w.
18
Suppose 9*p = 23*p - 336. Calculate the greatest common factor of p and 264.
24
Let u be (6/18)/((1 + 0)/174). What is the highest common factor of 928 and u?
58
Suppose 3*m + 3*p - 15 = 0, p + 25 = 5*m - 3*p. Suppose z + 5*b + 50 = 6*z, 0 = 4*z - m*b - 36. Calculate the greatest common factor of 126 and z.
14
Let l(b) = -44*b - 28. Let z be l(-5). Suppose 0 = f - x - z, 3*f - 5*x - 579 + 9 = 0. What is the highest common factor of f and 78?
39
Suppose 6*k - 34 = 164. Calculate the highest common factor of k and 165.
33
Suppose 11*o + 1056 = 27*o. What is the highest common divisor of 231 and o?
33
Let o(h) = -1 - 1 + 3*h**2 - 12*h - h**2. Let i be o(9). Suppose 0 = 3*f - 6*f + 234. Calculate the greatest common divisor of f and i.
26
Let o be (-4 - (-88)/20)*15. Suppose -o - 5 = -i. Suppose -2*l = 16 - 60. What is the highest common divisor of i and l?
11
Let b(r) = -r**2 + 12*r - 18. Let n be b(7). What is the greatest common divisor of 425 and n?
17
Let x(o) = -167*o + 2. Let t be x(-1). What is the highest common factor of 26 and t?
13
Let k = 168 + -64. What is the greatest common factor of k and 26?
26
Suppose -2 - 3 = -w. Suppose 5*j + w*d - 95 - 20 = 0, -4*j + 132 = -4*d. Suppose 2*k = -2*k + j. Calculate the greatest common factor of 21 and k.
7
Let w be (-23)/(-4)*2*2. Let j be (-71848)/(-22) - 12/(-66). Suppose 20*b - 874 - j = 0. Calculate the highest common divisor of b and w.
23
Let f be 2*(0 - 3/6). Let i be (-55 - (f + 0))/(-2). Calculate the highest common factor of 297 and i.
27
Let k(g) = 23*g + 317. Let h be k(-13). What is the highest common divisor of 2358 and h?
18
Let j = -3 + 7. Suppose 0 = 5*p + 5*u - 20, -j*p + 2*u + 3 - 5 = 0. Let z(f) = 3*f - 4. Let k be z(2). Calculate the highest common factor of k and p.
1
Suppose 3*n = 97 + 353. Let h be (-6)/((-92)/10 + 9). What is the greatest common divisor of n and h?
30
Let d = 210 - 23. Let a = 307 -